z, 3*z - 27 = -c*p - z. Calculate the greatest common factor of p and 21.
3
Suppose -4*k + 26 = i + 99, -3*i - 189 = -3*k. Let d = i - -101. What is the highest common factor of 54 and d?
18
Let t(f) = 8*f**2 - 4*f - 4. Let y be t(5). Suppose 75 = 4*n - 4*a - 9, 4*a - 92 = -4*n. Calculate the highest common factor of y and n.
22
Let p be (-130)/4*(-5 - -3). What is the highest common factor of p and 5?
5
Let q be (-1116)/(-14) - 4/(-14). Suppose 12 = 4*d, -27 = -2*b + d - 70. Let k = 40 + b. Calculate the greatest common factor of k and q.
20
Suppose 0 = 2*w - 3 - 3, -4*w - 33 = -5*a. Calculate the greatest common factor of 3 and a.
3
Let t be (-1)/((-55)/10130) + 8/(-44). What is the greatest common factor of 23 and t?
23
Let i(c) = c**3 + 1. Let r be i(1). Suppose -18*a - 3*a + 105 = 0. What is the highest common factor of r and a?
1
Suppose -3*f + 423 = 60. What is the greatest common divisor of f and 11?
11
Let h be (-370)/(-25) + 22/10 + -2. What is the highest common divisor of h and 15?
15
Suppose -2*k + w = -0*w - 37, 0 = -k + 2*w + 26. Suppose 0 = 6*m - 3*m - 432. Calculate the highest common divisor of k and m.
16
Suppose 3*w = -3*l + 36, -4*w - 3 = -l + 29. Suppose x = -x + 256. What is the greatest common factor of l and x?
16
Let r be ((-24)/9)/(1/9). Let j be (2/4)/((-2)/(-236)). Let i = j + r. Calculate the greatest common factor of 14 and i.
7
Let t(q) = q**2 + 12*q**3 + 1 - q**2 + 9*q**3. Let f be t(1). Calculate the highest common divisor of 55 and f.
11
Suppose -2*r - 5*p = 12 - 126, -3*r - 5*p = -176. What is the greatest common divisor of r and 155?
31
Suppose -2*o + 5 = -3*o + 2*y, 4*y = o + 13. Let a = 5 + -3. Calculate the highest common divisor of a and o.
1
Let p be (16/(-6))/(((-144)/(-297))/(-8)). Calculate the greatest common divisor of p and 220.
44
Let d = -15 + 31. Let j = -6 + d. Calculate the greatest common factor of j and 2.
2
Suppose 64 = t + 4*x, 0*t + 2*t + 3*x - 108 = 0. What is the highest common factor of 3 and t?
3
Suppose 0*z - 5*z = -105. Let w be (12/2)/(2/z). Calculate the greatest common factor of 9 and w.
9
Let u be (-2 + 3)/((-4)/(-8)). Suppose 4*i + 22 = u*n, -3*n - 6 = 2*i - 39. Calculate the greatest common factor of 33 and n.
11
Let q(n) = -n**3 + 3*n**2 + 3*n + 8. Let d be q(4). What is the highest common factor of d and 28?
4
Let x = 106 - 26. What is the greatest common divisor of x and 10?
10
Suppose -5*x = -l - 21, 2*x = 5*x + 4*l - 31. Suppose -x = p - 18. What is the greatest common factor of 91 and p?
13
Let p(l) = l**2 - 4*l. Let s be p(8). Suppose 0 = 4*z - z. Suppose 2*v + z*b = 2*b + 22, -9 = -3*v - 5*b. Calculate the greatest common factor of s and v.
8
Suppose -2*h - 19 = -f, 4*h - 4 - 3 = -3*f. Let r be (f/3)/((-3)/(-2)). Suppose r*b = 3*b - 6. What is the highest common factor of 24 and b?
6
Suppose 0 = 3*o - 9, 4*a - 48 = a + 4*o. Let h be (-74)/(-14) + (-2)/7. Calculate the greatest common divisor of h and a.
5
Let s = -21 - -28. Let u = s - -32. Calculate the highest common divisor of 273 and u.
39
Let n = 55 - 16. Let z = 7 + -11. Let m be 52/(-2)*2/z. Calculate the highest common divisor of n and m.
13
Let g = 59 + -35. What is the greatest common divisor of g and 16?
8
Let l = -18 + 27. Let i be ((-6)/l)/((-2)/(-3)). Let y(k) = -3*k. Let v be y(i). What is the greatest common divisor of v and 2?
1
Let y be (((-8)/(-2))/(4/(-14)))/(-2). Calculate the highest common divisor of 7 and y.
7
Let r = -81 - -92. Let z(u) = 28*u + 4. Let j be z(3). What is the highest common factor of r and j?
11
Let y(v) = -v + 21. Let b be y(6). What is the greatest common factor of b and 5?
5
Let o be (-464)/(-4) + 1 + -5. Calculate the highest common divisor of o and 14.
14
Let q = -21 - -38. What is the greatest common divisor of q and 119?
17
Let n be 0 - 0 - (-3 - -4). Let v be (3 - (0 - n)) + 2. Suppose 0*k = v*k - 48. What is the greatest common factor of k and 12?
12
Let m(p) be the first derivative of p**3/3 - p**2 - 11*p + 6. Let f be m(7). What is the greatest common divisor of 96 and f?
24
Let n(r) = r**2 - 10. Let d be n(4). Calculate the highest common factor of d and 18.
6
Let j be 6*(-2 + (-95)/(-10)). Let g = 6 - 1. Calculate the greatest common factor of g and j.
5
Let z(l) = -3*l - 3. Let h be z(-3). Let q(d) = -d**2 + 7*d + 1. Let v be q(h). What is the greatest common factor of 56 and v?
7
Suppose 21*z = 16*z + 650. Calculate the highest common factor of z and 26.
26
Suppose -2*f = -3*f + 8. Suppose -q + 4*q - 4*m - 124 = 0, 5*q - 195 = -5*m. Calculate the highest common divisor of q and f.
8
Let h be 6/((27/8)/9). Suppose -209 + 17 = -3*v. What is the highest common divisor of v and h?
16
Let h be 11/(((-10)/8)/(-5)). What is the highest common divisor of 11 and h?
11
Suppose 2*b - 20 = -0*b + 2*r, 2*r = b - 14. Let f(c) = 2*c - 2. Let s be f(b). What is the greatest common divisor of s and 70?
10
Let m be 1/3 - 814/(-6). Suppose -15 = -4*s + 53. Calculate the highest common divisor of m and s.
17
Let c(m) = -2*m - 1. Let h be c(2). Let s be 18 + h/1 + 2. Calculate the greatest common divisor of 105 and s.
15
Suppose -10 = -5*w + 20. Let h(s) = -3*s + 58. Let b be h(18). What is the highest common divisor of w and b?
2
Let v(g) = -2*g**2 + 29*g + 10. Let f be v(14). Calculate the highest common divisor of 216 and f.
24
Suppose -u = -3*j + 3*u + 21, 3*j - 3*u = 24. What is the highest common divisor of 22 and j?
11
Suppose 0 = 2*v - 3*g - 21, -5*g = 4*v - 4*g - 21. Suppose 3*x = 0, 3*w + v*x - 2*x - 42 = 0. Calculate the greatest common factor of w and 84.
14
Let h(u) = -u**2 + 8*u - 8. Let y be h(6). Let q(r) = -9*r**2 - 2. Let w be q(-2). Let m = -10 - w. Calculate the highest common divisor of m and y.
4
Suppose 4*g + 3*v - 52 = 0, -27 = -5*g + 3*v + 38. Calculate the greatest common divisor of 91 and g.
13
Let d(c) be the third derivative of 7*c**4/24 - c**3/6 - 3*c**2. Suppose 4*f = 6*f - 6. Let u be d(f). What is the highest common divisor of 30 and u?
10
Let w be 32/4 + (-1)/1. Suppose -4*k = -0*k - 48. Suppose -2*r = -k - 16. What is the greatest common divisor of r and w?
7
Suppose 4*r = 3*z - 0*z + 24, 0 = -5*r - 4*z + 61. Suppose 4*v - 6 = -2*v. Calculate the highest common divisor of v and r.
1
Let v = 45 + -24. Let g = 37 - v. What is the highest common divisor of g and 24?
8
Suppose -3*p + 0*p = -18. What is the greatest common divisor of p and 6?
6
Suppose -5*c + 30 + 10 = 0. Calculate the greatest common divisor of 4 and c.
4
Suppose -5*v - y + 478 = 0, 0 = 7*v - 3*v - 5*y - 394. Suppose 4*l - 5*h + 4*h = 97, -5*l + 121 = -h. Calculate the highest common divisor of v and l.
24
Let m be (2/(-5))/(3/(-45)). Let c be (-2)/4 + 303/m. Suppose 3*l = c + 70. What is the highest common divisor of 5 and l?
5
Let w(a) = a**2 - 8*a + 6. Let h be w(8). Calculate the highest common factor of h and 24.
6
Let c be ((-147)/(-12))/7*12. Suppose -59 = -5*d + c. Calculate the greatest common divisor of d and 8.
8
Suppose -3*y = -2*r + 132, -5*r + 199 = -y - 118. What is the greatest common divisor of r and 7?
7
Suppose -4*i = -0 + 24. Let x be (-16)/(-6)*(i + 9). Let z be (6/5)/((-9)/(-60)). Calculate the highest common divisor of x and z.
8
Let u(s) = 48*s**2 + 8*s**2 + 43*s**2 + s - 2. Let h be u(1). What is the highest common divisor of h and 14?
14
Let b be (-285)/18 - (-2)/(-12). Let w = b + 29. What is the highest common divisor of 104 and w?
13
Let a = -9 - -19. What is the greatest common divisor of 5 and a?
5
Suppose -3*f = -2*a + 5, -2 + 12 = 3*f - 5*a. Let m be (64/(-20))/(2/f). Suppose 5 = 4*k - 7, 2*k + 34 = 5*h. What is the greatest common divisor of h and m?
8
Suppose 5*r = n + 32, 5*r + 3*n - 2*n - 38 = 0. Let p = r - 4. What is the greatest common factor of p and 21?
3
Let r(i) = -3*i**2 - 8*i - 1. Let f(j) = -16*j**2 - 40*j - 6. Let s(o) = -2*f(o) + 11*r(o). Let u be s(-6). What is the highest common divisor of 65 and u?
13
Suppose 2*y + 62 - 10 = 0. Let f be y*1*4*-1. Let h be (-1)/2*(-24 + -2). What is the greatest common divisor of h and f?
13
Let t be 119/(-2) - 2/4. Suppose -5*y = -y - 344. Let w = t + y. What is the highest common divisor of w and 39?
13
Let m = -14 + 23. What is the greatest common factor of 45 and m?
9
Let f = 212 + -104. What 